87 (base 14) in base 9?
-448210
What is 271216 (base 8) in base 9?
154112
-421306 (base 9) to base 12
-100a20
What is aead (base 16) in base 2?
1010111010101101
-2c4831 (base 13) to base 14
-20733c
What is b6c33 (base 13) in base 16?
506cf
Convert 11e75b (base 15) to base 3.
1121122012112
1530130 (base 6) to base 8
256606
-2304242 (base 6) to base 8
-345542
-b268 (base 16) to base 14
-12904
89baa (base 12) to base 13
6549a
What is -20206267 (base 8) in base 11?
-2451a21
Convert -82b24 (base 15) to base 10.
-414259
Convert 4638330 (base 9) to base 2.
1001100011110001110011
33c41c (base 14) to base 13
499299
Convert 28362 (base 15) to base 6.
2433145
What is -12112340 (base 5) in base 14?
-2d4d0
-320233123 (base 5) to base 13
-37a533
Convert 1020110000 (base 4) to base 12.
1234a8
What is -1366564 (base 7) in base 13?
-66184
Convert c504c (base 16) to base 6.
25144020
Convert 68802 (base 15) to base 5.
41120202
Convert -27967 (base 16) to base 12.
-79a07
-2306466 (base 7) to base 11
-187438
-76901 (base 16) to base 13
-140075
Convert -1010010111001000011010 (base 2) to base 9.
-5088814
Convert 1627036 (base 9) to base 8.
3345471
Convert 118365 (base 13) to base 10.
418020
Convert -5211120 (base 7) to base 6.
-21215550
What is -101220230 (base 4) in base 2?
-10001101000101100
Convert -58b239 (base 14) to base 12.
-101b943
Convert -1312121231 (base 4) to base 12.
-1b47a5
Convert 544050 (base 9) to base 5.
40340300
Convert -101031535 (base 6) to base 12.
-6b55ab
Convert 10a3b7 (base 13) to base 4.
1200023000
2a657 (base 13) to base 6
1415110
Convert 147440 (base 9) to base 5.
10401011
Convert -245321 (base 8) to base 14.
-22c13
-8056296 (base 10) to base 13
-1890c51
What is -1133113212 (base 4) in base 16?
-5f5e6
-ac630e (base 15) to base 6
-452121405
-3628588 (base 9) to base 8
-7403670
-2830427 (base 9) to base 16
-17bb6a
What is 13eb07 (base 15) in base 10?
960982
What is -5336165 (base 7) in base 12?
-27301b
What is -232410555 (base 6) in base 8?
-20377147
What is 457223 (base 8) in base 14?
40839
-110202100220220 (base 3) to base 11
-390a607
Convert 55433202 (base 8) to base 7.
203333613
Convert 446228 (base 10) to base 5.
103234403
Convert -39073 (base 10) to base 2.
-1001100010100001
-14060555 (base 8) to base 14
-5c76c5
Convert 210a1c (base 13) to base 2.
10111100101011111110
-399a6 (base 14) to base 15
-2c06e
What is 1111530 (base 6) in base 10?
56142
-695b7 (base 15) to base 12
-14213a
What is 188248 (base 12) in base 4?
1220231120
Convert -2314314124 (base 5) to base 14.
-9a1a09
What is 2726767 (base 9) in base 6?
52010141
What is 22230230323 (base 4) in base 8?
12545473
Convert 2221202122201 (base 3) to base 5.
400220030
42156352 (base 7) to base 8
15452114
-231312021 (base 4) to base 11
-1190a4
What is -342995 (base 12) in base 4?
-3023230001
Convert 213888 (base 13) to base 4.
2332033002
What is 196081 (base 11) in base 10?
300895
What is 100002220 (base 3) in base 12?
3a13
-22514 (base 12) to base 5
-2430124
20130020022 (base 4) to base 11
12811a9
Convert 1001101010001101101010 (base 2) to base 9.
4678467
What is 54011 (base 9) in base 15?
a8c1
Convert 72285 (base 9) to base 15.
e19e
-13304012 (base 5) to base 10
-134882
What is -370011 (base 9) in base 7?
-1616251
Convert 313023310 (base 4) to base 3.
102111001201
Convert -4157530 (base 8) to base 15.
-16c96c
-197364d (base 14) to base 3
-212210121021002
Convert -2210420 (base 6) to base 10.
-110316
305c7 (base 13) to base 15
1aa46
What is 1006714 (base 11) in base 10?
1780409
What is -f5d49 (base 16) in base 2?
-11110101110101001001
1110011000001110 (base 2) to base 10
58894
Convert 577566 (base 8) to base 10.
196470
-26121600 (base 7) to base 5
-1102001401
What is -2150577 (base 8) in base 14?
-11087d
Convert 100200010011022 (base 3) to base 12.
187a352
18874 (base 15) to base 10
79534
What is -2121300231 (base 5) in base 9?
-8374827
-1691496 (base 10) to base 3
-10011221022000
What is -1989097 (base 13) in base 12?
-299aa27
36104 (base 15) to base 6
3405534
-278bb (base 14) to base 7
-555024
4325205 (base 6) to base 14
57c45
Convert 465c8c (base 14) to base 3.
11111211102101
21a519 (base 13) to base 7
6514552
What is 272b09 (base 13) in base 5?
220330100
-1063313 (base 7) to base 11
-91119
What is 106837 (base 13) in base 6?
12134241
-210110001111112 (base 3) to base 10
-11397551
-4b514a (base 12) to base 9
-2277314
Convert -6364124 (base 7) to base 3.
-1110020012112
7275852 (base 10) to base 6
415540300
What is 8112084 (base 9) in base 5?
2101144142
Convert -2102002221100 (base 3) to base 14.
-255065
-1000100110010111010100 (base 2) to base 4
-20212113110
Convert 2062426 (base 7) to base 14.
67486
53501 (base 6) to base 13
3433
-76d51 (base 16) to base 6
-14233225
What is 726a (base 14) in base 11?
13884
What is 5624613 (base 7) in base 14?
1416b3
What is -897d2 (base 14) in base 5?
-41133310
What is -16a2c0 (base 14) in base 2?
-11000010011010100000
What is -131033034 (base 5) in base 6?
-21440210
291556 (base 10) to base 15
5b5c1
Convert -1001212011220212 (base 3) to base 11.
-8725714
-450626 (base 7) to base 3
-11001010012
What is 110101101110110100 (base 2) in base 15?
45324
What is -34201143 (base 5) in base 4?
-1022003002
What is -1213235 (base 6) in base 15?
-14082
What is 3250025 (base 6) in base 3?
22020020122
What is -1adc (base 16) in base 9?
-10380
31997 (base 14) to base 12
59469
526562 (base 11) to base 8
3156674
Convert 11000011101111000 (base 2) to base 13.
367cc
What is -203020333023 (base 4) in base 16?
-8c8fcb
Convert -a058242 (base 11) to base 5.
-14024043001
-1413b7b (base 12) to base 3
-21112200012012
12302342330 (base 5) to base 10
14887215
What is -6739b (base 12) in base 13?
-4a504
What is 200021012120 (base 3) in base 5?
43001142
Convert 2542010 (base 9) to base 8.
5222556
What is -1410323112 (base 5) in base 16?
-37012e
Convert -4a361 (base 15) to base 9.
-401111
-12898813 (base 10) to base 14
-19daa3b
Convert 101111100000111100010110 (base 2) to base 13.
277154c
5dae (base 16) to base 5
1231412
11b56 (base 15) to base 9
85520
-31014300 (base 5) to base 9
-422521
Convert -592684 (base 13) to base 3.
-10222122202121
Convert 3a4935 (base 11) to base 8.
2332156
-32252 (base 9) to base 11
-1504a
What is -3002554 (base 9) in base 11?
-9a0303
500050515 (base 6) to base 3
120211000011002
What is 28314 (base 14) in base 10?
99390
What is 587487 (base 9) in base 10?
353239
What is 24157463 (base 8) in base 15?
6ea599
-8186 (base 13) to base 5
-1032410
250d83 (base 16) to base 12
991317
Convert -2916c4 (base 13) to base 8.
-3646776
112406 (base 12) to base 10
273606
Convert -2890c (base 14) to base 4.
-120203100
Convert -3b7b8 (base 14) to base 6.
-3052222
4043361 (base 9) to base 15
2c857d
What is -1230145 (base 8) in base 5?
-41340234
33000022 (base 4) to base 5
3431300
Convert 2332621 (base 8) to base 4.
2123112101
What is -31133131 (base 4) in base 14?
-161d3
What is 14334120 (base 5) in base 12?
7424a
-1342b (base 14) to base 8
-134557
773726 (base 9) to base 7
3633036
What is 11312231310 (base 4) in base 14?
2bd4b2
Convert -4411223020 (base 5) to base 9.
-18743444
What is -129b8 (base 12) in base 13?
-b885
-1000002022211 (base 3) to base 15
-a7e77
What is -37544251 (base 8) in base 3?
-120122010200020
168693 (base 14) to base 11
4a07a6
Convert 248bd (base 15) to base 9.
187107
Convert -e2a391 (base 16) to base 6.
-1250203533
Convert -5484993 (base 10) to base 15.
-7352b3
Convert 53412305 (base 6) to base 9.
2856165
What is -10202001321 (base 4) in base 15?
-186ec6
Convert -4562 (base 10) to base 16.
-11d2
2211102131 (base 4) to base 6
22302205
Convert 7216275 (base 8) to base 16.
1d1cbd
What is -4631640 (base 8) in base 4?
-10303032200
Convert 5268485 (base 9) to base 14.
536050
Convert -4100124034 (base 5) to base 11.
-46a6896
-1030435521 (base 6) to base 3
-202121111202011
What is -454411101 (base 6) in base 8?
-37634015
Convert -630034 (base 14) to base 10.
-3342238
What is 7b21a (base 13) in base 10?
224455
Convert 11320334 (base 5) to base 16.
19815
-2012432 (base 5) to base 13
-118a2
What is 1a85a (base 11) in base 2?
111000100111000
Convert -4849b (base 15) to base 4.
-320102102
Convert 1501100 (base 6) to base 14.
2339a
5135176 (base 9) to base